{"id":2810,"date":"2016-03-13T20:02:28","date_gmt":"2016-03-13T20:02:28","guid":{"rendered":"https:\/\/peterkus.net\/si\/?page_id=2810"},"modified":"2016-03-14T00:15:26","modified_gmt":"2016-03-14T00:15:26","slug":"vtisi-orkester-izvirnih-instrumentov","status":"publish","type":"page","link":"https:\/\/peterkus.net\/si\/vtisi-orkester-izvirnih-instrumentov\/","title":{"rendered":"Vtisi s koncertov in delavnic Orkestra izvirnih instrumentov"},"content":{"rendered":"<p><strong>O\u0160 \u0160empas, \u0160empas<\/strong><br \/>\n<span style=\"color: #808080;\">Kdaj: 4. 4. 2014<\/span><br \/>\n<span style=\"color: #808080;\"> Mesto ogleda: Glasbena u\u010dilnica, O\u0160 \u0160empas<\/span><br \/>\n<span style=\"color: #808080;\"> Starost otrok: 5. razred (1o let)<\/span><\/p>\n<p><a href=\"http:\/\/www.ossempas.si\/index.php\/olska-pravila-o-oli-65\/134-galerija\/arhiv-1314\/1197-glasbena-mladina-orkester-izvirnih-intrumentov\" rel=\"attachment wp-att-2821\"><img loading=\"lazy\" class=\"alignleft wp-image-2821 size-medium\" src=\"https:\/\/peterkus.net\/si\/wp-content\/uploads\/sites\/2\/2016\/03\/IMG_0008-200x300.jpg\" alt=\"IMG_0008\" width=\"200\" height=\"300\" srcset=\"https:\/\/peterkus.net\/si\/wp-content\/uploads\/sites\/2\/2016\/03\/IMG_0008-200x300.jpg 200w, https:\/\/peterkus.net\/si\/wp-content\/uploads\/sites\/2\/2016\/03\/IMG_0008.jpg 427w\" sizes=\"(max-width: 200px) 100vw, 200px\" \/><\/a><\/p>\n<p>&nbsp;<\/p>\n<p>&nbsp;<\/p>\n<p>&nbsp;<\/p>\n<p>&nbsp;<\/p>\n<p>&nbsp;<\/p>\n<p>&nbsp;<\/p>\n<p><strong><a href=\"http:\/\/www.ossempas.si\/index.php\/olska-pravila-o-oli-65\/134-galerija\/arhiv-1314\/1197-glasbena-mladina-orkester-izvirnih-intrumentov\">Galerija slik s koncerta in delavnice na <\/a><a href=\"http:\/\/www.ossempas.si\/index.php\/olska-pravila-o-oli-65\/134-galerija\/arhiv-1314\/1197-glasbena-mladina-orkester-izvirnih-intrumentov\">O\u0160 \u0160empas<\/a><\/strong><\/p>\n<p><strong>O\u0160 Vi\u010d, Ljubljana<\/strong><br \/>\n<span style=\"color: #808080;\">Kdaj: 3. 2. 2016<\/span><br \/>\n<span style=\"color: #808080;\"> Mesto ogleda: Dvorana O\u0160 Vi\u010d<\/span><br \/>\n<span style=\"color: #808080;\"> Starost otrok: 6. razred (11 let)<\/span><\/p>\n<p><em><strong>&#8220;<\/strong>Nad nastopom so bili VSI navdu\u0161eni &#8211; u\u010denci, u\u010ditelji, ravnatelj, vsi ki so vaju poslu\u0161ali. Otroci so si ogromno zapomnili, tudi podrobnosti, vsakemu se je vtisnilo v spomin kaj drugega, skratka \u2013 u\u017eivali so\u2026\u00a0 Tudi trstenke (izdelovali so jih po koncertu, kot del tehni\u0161kega dne, <\/em>op. av.<em>) so letos naredili izredno kvalitetno, prav trudili so se, katere bodo lep\u0161e in katere bodo bolje zvenele \u2013 to je posledica koncerta in motiviranosti.&#8221;<\/em> <strong>Alenka Kova\u010di\u010d <\/strong><\/p>\n<p><strong>O\u0160 Dragomelj, Ljubljana<\/strong><br \/>\n<span style=\"color: #808080;\">Kdaj: 4. 2. 2016<\/span><br \/>\n<span style=\"color: #808080;\"> Mesto ogleda: Telovadnica O\u0160 Dragomelj<\/span><br \/>\n<span style=\"color: #808080;\"> Starost otrok: 1.-9. razred (6 &#8211; 14 let)<br \/>\n<\/span><\/p>\n<p><em>&#8220;U\u010denci so navdu\u0161eni, star\u0161i mi poro\u010dajo, da otroci doma ustvarjajo glasbila, u\u010ditelji pa pravijo, da je bil to eden izmed najbolj\u0161ih nastopov na na\u0161i \u0161oli.&#8221;<\/em> <strong>Jasna Medved<\/strong><\/p>\n<p><a href=\"https:\/\/picasaweb.google.com\/104743376063108798269\/ProslavaPredSlovenskimKulturnimPraznikom#\"><img loading=\"lazy\" class=\"alignleft wp-image-2815 size-medium\" src=\"https:\/\/peterkus.net\/si\/wp-content\/uploads\/sites\/2\/2016\/03\/IMG_1352-300x200.jpg\" alt=\"IMG_1352\" width=\"300\" height=\"200\" srcset=\"https:\/\/peterkus.net\/si\/wp-content\/uploads\/sites\/2\/2016\/03\/IMG_1352-300x200.jpg 300w, https:\/\/peterkus.net\/si\/wp-content\/uploads\/sites\/2\/2016\/03\/IMG_1352.jpg 640w\" sizes=\"(max-width: 300px) 100vw, 300px\" \/><\/a><\/p>\n<p>&nbsp;<\/p>\n<p>&nbsp;<\/p>\n<p>&nbsp;<\/p>\n<p>&nbsp;<\/p>\n<p><strong><a href=\"https:\/\/picasaweb.google.com\/104743376063108798269\/ProslavaPredSlovenskimKulturnimPraznikom#\">Galerija slik s koncerta in delavnice na O\u0160 Dragomelj<\/a><\/strong><\/p>\n<p>&nbsp;<\/p>\n","protected":false},"excerpt":{"rendered":"<p>O\u0160 \u0160empas, \u0160empas Kdaj: 4. 4. 2014 Mesto ogleda: Glasbena u\u010dilnica, O\u0160 \u0160empas Starost otrok: 5. razred (1o let) &nbsp; &nbsp; &nbsp; &nbsp; &nbsp; &nbsp; Galerija slik s koncerta in delavnice na O\u0160 \u0160empas O\u0160 Vi\u010d, Ljubljana Kdaj: 3. 2. 2016 Mesto ogleda: Dvorana O\u0160 Vi\u010d Starost otrok: 6. razred (11 let) &#8220;Nad nastopom so [&hellip;]<\/p>\n","protected":false},"author":1,"featured_media":0,"parent":0,"menu_order":0,"comment_status":"closed","ping_status":"closed","template":"","meta":{"om_disable_all_campaigns":false,"_mi_skip_tracking":false},"aioseo_notices":[],"_links":{"self":[{"href":"https:\/\/peterkus.net\/si\/wp-json\/wp\/v2\/pages\/2810"}],"collection":[{"href":"https:\/\/peterkus.net\/si\/wp-json\/wp\/v2\/pages"}],"about":[{"href":"https:\/\/peterkus.net\/si\/wp-json\/wp\/v2\/types\/page"}],"author":[{"embeddable":true,"href":"https:\/\/peterkus.net\/si\/wp-json\/wp\/v2\/users\/1"}],"replies":[{"embeddable":true,"href":"https:\/\/peterkus.net\/si\/wp-json\/wp\/v2\/comments?post=2810"}],"version-history":[{"count":23,"href":"https:\/\/peterkus.net\/si\/wp-json\/wp\/v2\/pages\/2810\/revisions"}],"predecessor-version":[{"id":2835,"href":"https:\/\/peterkus.net\/si\/wp-json\/wp\/v2\/pages\/2810\/revisions\/2835"}],"wp:attachment":[{"href":"https:\/\/peterkus.net\/si\/wp-json\/wp\/v2\/media?parent=2810"}],"curies":[{"name":"wp","href":"https:\/\/api.w.org\/{rel}","templated":true}]}}

<p><strong>OŠ Šempas, Šempas</strong><br />
<span style="color: #808080;">Kdaj: 4. 4. 2014</span><br />
<span style="color: #808080;"> Mesto ogleda: Glasbena učilnica, OŠ Šempas</span><br />
<span style="color: #808080;"> Starost otrok: 5. razred (1o let)</span></p>
<p><a href="http://www.ossempas.si/index.php/olska-pravila-o-oli-65/134-galerija/arhiv-1314/1197-glasbena-mladina-orkester-izvirnih-intrumentov" rel="attachment wp-att-2821"><img loading="lazy" class="alignleft wp-image-2821 size-medium" src="https://peterkus.net/si/wp-content/uploads/sites/2/2016/03/IMG_0008-200x300.jpg" alt="IMG_0008" width="200" height="300" srcset="https://peterkus.net/si/wp-content/uploads/sites/2/2016/03/IMG_0008-200x300.jpg 200w, https://peterkus.net/si/wp-content/uploads/sites/2/2016/03/IMG_0008.jpg 427w" sizes="(max-width: 200px) 100vw, 200px" /></a></p>
<p>&nbsp;</p>
<p>&nbsp;</p>
<p>&nbsp;</p>
<p>&nbsp;</p>
<p>&nbsp;</p>
<p>&nbsp;</p>
<p><strong><a href="http://www.ossempas.si/index.php/olska-pravila-o-oli-65/134-galerija/arhiv-1314/1197-glasbena-mladina-orkester-izvirnih-intrumentov">Galerija slik s koncerta in delavnice na </a><a href="http://www.ossempas.si/index.php/olska-pravila-o-oli-65/134-galerija/arhiv-1314/1197-glasbena-mladina-orkester-izvirnih-intrumentov">OŠ Šempas</a></strong></p>
<p><strong>OŠ Vič, Ljubljana</strong><br />
<span style="color: #808080;">Kdaj: 3. 2. 2016</span><br />
<span style="color: #808080;"> Mesto ogleda: Dvorana OŠ Vič</span><br />
<span style="color: #808080;"> Starost otrok: 6. razred (11 let)</span></p>
<p><em><strong>&#8220;</strong>Nad nastopom so bili VSI navdušeni &#8211; učenci, učitelji, ravnatelj, vsi ki so vaju poslušali. Otroci so si ogromno zapomnili, tudi podrobnosti, vsakemu se je vtisnilo v spomin kaj drugega, skratka – uživali so…  Tudi trstenke (izdelovali so jih po koncertu, kot del tehniškega dne, </em>op. av.<em>) so letos naredili izredno kvalitetno, prav trudili so se, katere bodo lepše in katere bodo bolje zvenele – to je posledica koncerta in motiviranosti.&#8221;</em> <strong>Alenka Kovačič </strong></p>
<p><strong>OŠ Dragomelj, Ljubljana</strong><br />
<span style="color: #808080;">Kdaj: 4. 2. 2016</span><br />
<span style="color: #808080;"> Mesto ogleda: Telovadnica OŠ Dragomelj</span><br />
<span style="color: #808080;"> Starost otrok: 1.-9. razred (6 &#8211; 14 let)<br />
</span></p>
<p><em>&#8220;Učenci so navdušeni, starši mi poročajo, da otroci doma ustvarjajo glasbila, učitelji pa pravijo, da je bil to eden izmed najboljših nastopov na naši šoli.&#8221;</em> <strong>Jasna Medved</strong></p>
<p><a href="https://picasaweb.google.com/104743376063108798269/ProslavaPredSlovenskimKulturnimPraznikom#"><img loading="lazy" class="alignleft wp-image-2815 size-medium" src="https://peterkus.net/si/wp-content/uploads/sites/2/2016/03/IMG_1352-300x200.jpg" alt="IMG_1352" width="300" height="200" srcset="https://peterkus.net/si/wp-content/uploads/sites/2/2016/03/IMG_1352-300x200.jpg 300w, https://peterkus.net/si/wp-content/uploads/sites/2/2016/03/IMG_1352.jpg 640w" sizes="(max-width: 300px) 100vw, 300px" /></a></p>
<p>&nbsp;</p>
<p>&nbsp;</p>
<p>&nbsp;</p>
<p>&nbsp;</p>
<p><strong><a href="https://picasaweb.google.com/104743376063108798269/ProslavaPredSlovenskimKulturnimPraznikom#">Galerija slik s koncerta in delavnice na OŠ Dragomelj</a></strong></p>
<p>&nbsp;</p>

<p>OŠ Šempas, Šempas Kdaj: 4. 4. 2014 Mesto ogleda: Glasbena učilnica, OŠ Šempas Starost otrok: 5. razred (1o let) &nbsp; &nbsp; &nbsp; &nbsp; &nbsp; &nbsp; Galerija slik s koncerta in delavnice na OŠ Šempas OŠ Vič, Ljubljana Kdaj: 3. 2. 2016 Mesto ogleda: Dvorana OŠ Vič Starost otrok: 6. razred (11 let) &#8220;Nad nastopom so [&hellip;]</p>
