{"id":2873,"date":"2016-04-14T20:23:01","date_gmt":"2016-04-14T20:23:01","guid":{"rendered":"https:\/\/peterkus.net\/si\/?page_id=2873"},"modified":"2026-04-22T15:48:48","modified_gmt":"2026-04-22T13:48:48","slug":"prihajajoci-dogodki","status":"publish","type":"page","link":"https:\/\/peterkus.net\/si\/prihajajoci-dogodki\/","title":{"rendered":"Prihajajo\u010di dogodki"},"content":{"rendered":"\n<p><strong>APRIL 2026: <\/strong><br><strong>23. 4. 2026<\/strong>, \u010ce\u0161novcova doma\u010dija, Gori\u010dice: <strong><a href=\"https:\/\/peterkus.net\/si\/projects\/zvocna-kuhna\/\">Zvo\u010dna kuhna<\/a><\/strong> \u2013 ZAKLJU\u010cENO ZA \u0160OLO<br><strong>24. 4. 2026<\/strong>, \u010ce\u0161novcova doma\u010dija, Gori\u010dice: <strong><a href=\"https:\/\/peterkus.net\/si\/projects\/zvocna-kuhna\/\">Zvo\u010dna kuhna<\/a><\/strong> \u2013 ZAKLJU\u010cENO ZA \u0160OLO <\/p>\n\n\n\n<p><strong>MAJ 2026:<\/strong><br><strong>4. 5. 2026<\/strong>, \u010ce\u0161novcova doma\u010dija, Gori\u010dice: <strong><a href=\"https:\/\/peterkus.net\/si\/projects\/zvocna-kuhna\/\">Zvo\u010dna kuhna<\/a><\/strong> \u2013 ZAKLJU\u010cENO ZA \u0160OLO<br><strong>5. 5. 2026<\/strong>, \u010ce\u0161novcova doma\u010dija, Gori\u010dice: <strong><a href=\"https:\/\/peterkus.net\/si\/projects\/zvocna-kuhna\/\">Zvo\u010dna kuhna<\/a><\/strong> \u2013 ZAKLJU\u010cENO ZA \u0160OLO<br><strong>6. 5. 2026<\/strong>, \u010ce\u0161novcova doma\u010dija, Gori\u010dice: <strong><a href=\"https:\/\/peterkus.net\/si\/projects\/zvocna-kuhna\/\">Zvo\u010dna kuhna<\/a><\/strong> \u2013 ZAKLJU\u010cENO ZA \u0160OLO<br><strong>7. 5. 2026<\/strong>, \u010ce\u0161novcova doma\u010dija, Gori\u010dice: <strong><a href=\"https:\/\/peterkus.net\/si\/projects\/zvocna-kuhna\/\">Zvo\u010dna kuhna<\/a><\/strong> \u2013 ZAKLJU\u010cENO ZA \u0160OLO<br><strong>12. 5. 2026<\/strong>, \u010ce\u0161novcova doma\u010dija, Gori\u010dice: <strong><a href=\"https:\/\/peterkus.net\/si\/projects\/zvocna-kuhna\/\">Zvo\u010dna kuhna<\/a><\/strong> \u2013 ZAKLJU\u010cENO ZA \u0160OLO<br><strong>17. 5. 2026 ob 11.00 in 14.00<\/strong>, Eski\u015fehir (Tur\u010dija):  <strong><a href=\"https:\/\/peterkus.net\/si\/projects\/zvocna-kuhna\/\">Zvo\u010dna kuhna<\/a><\/strong> &#8211; INTERNATIONAL ESKISEHIR CHILDREN, YOUTH AND PUPPET THEATRE FESTIVAL<br><strong>20. 5. 2026 ob 9.00 in 11.00<\/strong>, Teatr Banialuka, Bielsko-Bia\u0142a (Poljska): <strong><a href=\"https:\/\/peterkus.net\/si\/projects\/obrazi\/\">Blup?<\/a><\/strong> \u2013 THE INTERNATIONAL FESTIVAL OF PUPPETRY ART <\/p>\n\n\n\n<p><strong>JUNIJ 2026:<\/strong><br><strong>17. 6., 2026 ob 17.00.<\/strong>, Nenzing (Avstrija):  <strong><a href=\"https:\/\/peterkus.net\/si\/projects\/zvocna-kuhna\/\">Zvo\u010dna kuhna<\/a><\/strong> \u2013 LUAGA &amp; LOSNA FESTIVAL <br><strong>18. 6., 2026 ob 10.00<\/strong>, Nenzing (Avstrija):  <strong><a href=\"https:\/\/peterkus.net\/si\/projects\/zvocna-kuhna\/\">Zvo\u010dna kuhna<\/a><\/strong> \u2013 LUAGA &amp; LOSNA FESTIVAL<br><strong>20. 6. 2026 ob 19.00<\/strong>, Hrvatsko narodno kazali\u0161te, \u0160ibenik (Hrva\u0161ka):  <strong><a href=\"https:\/\/peterkus.net\/si\/projects\/gozd\/\" title=\"\">Gozd raja!<\/a><\/strong> \u2013 ME\u0110UNARODNI DJE\u010cJI FESTIVAL<\/p>\n\n\n\n<p><strong>JULIJ 2026:<\/strong> <br><strong>4. 7. 2026 ob 11.00<\/strong>, Villa Manin, Passariano (Italija): <strong><a href=\"https:\/\/peterkus.net\/si\/projects\/gozd\/\" title=\"\">Gozd raja!<\/a><\/strong> &#8211; ZA IZVEN<br><strong>4. 7. 2026 ob 18.00<\/strong>, Buttrio (Italija):  <strong><a href=\"https:\/\/peterkus.net\/si\/projects\/gozd\/\" title=\"\">Gozd raja!<\/a><\/strong> &#8211; ZA IZVEN <br><strong>5. 7. 2026 ob 18.00<\/strong>, Carina (Italija): <strong><a href=\"https:\/\/peterkus.net\/si\/projects\/gozd\/\" title=\"\">Gozd raja!<\/a> <\/strong>&#8211; ZA IZVEN <\/p>\n\n\n\n<p><strong>NOVEMBER 2026:<\/strong><br><strong>12. 11. 2026<\/strong>, Koncertna dvorana Vatroslav Lisinski, Zagreb (Hrva\u0161ka):  <strong><a href=\"https:\/\/peterkus.net\/si\/projects\/gozd\/\" title=\"\">Gozd raja!<\/a><\/strong> \u2013 TBA   <br><strong>13. 11. 2026<\/strong>, Koncertna dvorana Vatroslav Lisinski, Zagreb (Hrva\u0161ka):  <strong><a href=\"https:\/\/peterkus.net\/si\/projects\/gozd\/\" title=\"\">Gozd raja!<\/a><\/strong> \u2013 TBA<\/p>\n\n\n\n<p><strong>DECEMBER 2026:<\/strong><br><strong>9. 12. 2026 ob 9.00 in 11.00<\/strong>, Cankarjev dom, Kosovelova dvorana: <a href=\"https:\/\/peterkus.net\/si\/projects\/blup\/\" title=\"\"><strong>Blup?<\/strong><\/a> &#8211; ZAKLJU\u010cENO ZA VRTCE IN \u0160OLE<br><strong>10. 12. 2026 ob 9.00 in 11.00<\/strong>, Cankarjev dom, Kosovelova dvorana: <a href=\"https:\/\/peterkus.net\/si\/projects\/blup\/\" title=\"\"><strong>Blup?<\/strong><\/a> &#8211; ZAKLJU\u010cENO ZA VRTCE IN \u0160OLE<br><\/p>\n","protected":false},"excerpt":{"rendered":"<p>APRIL 2026: 23. 4. 2026, \u010ce\u0161novcova doma\u010dija, Gori\u010dice: Zvo\u010dna kuhna \u2013 ZAKLJU\u010cENO ZA \u0160OLO24. 4. 2026, \u010ce\u0161novcova doma\u010dija, Gori\u010dice: Zvo\u010dna kuhna \u2013 ZAKLJU\u010cENO ZA \u0160OLO MAJ 2026:4. 5. 2026, \u010ce\u0161novcova doma\u010dija, Gori\u010dice: Zvo\u010dna kuhna \u2013 ZAKLJU\u010cENO ZA \u0160OLO5. 5. 2026, \u010ce\u0161novcova doma\u010dija, Gori\u010dice: Zvo\u010dna kuhna \u2013 ZAKLJU\u010cENO ZA \u0160OLO6. 5. 2026, \u010ce\u0161novcova doma\u010dija, Gori\u010dice: Zvo\u010dna [&hellip;]<\/p>\n","protected":false},"author":1,"featured_media":0,"parent":0,"menu_order":0,"comment_status":"closed","ping_status":"closed","template":"","meta":{"om_disable_all_campaigns":false,"_mi_skip_tracking":false},"aioseo_notices":[],"_links":{"self":[{"href":"https:\/\/peterkus.net\/si\/wp-json\/wp\/v2\/pages\/2873"}],"collection":[{"href":"https:\/\/peterkus.net\/si\/wp-json\/wp\/v2\/pages"}],"about":[{"href":"https:\/\/peterkus.net\/si\/wp-json\/wp\/v2\/types\/page"}],"author":[{"embeddable":true,"href":"https:\/\/peterkus.net\/si\/wp-json\/wp\/v2\/users\/1"}],"replies":[{"embeddable":true,"href":"https:\/\/peterkus.net\/si\/wp-json\/wp\/v2\/comments?post=2873"}],"version-history":[{"count":1236,"href":"https:\/\/peterkus.net\/si\/wp-json\/wp\/v2\/pages\/2873\/revisions"}],"predecessor-version":[{"id":9497,"href":"https:\/\/peterkus.net\/si\/wp-json\/wp\/v2\/pages\/2873\/revisions\/9497"}],"wp:attachment":[{"href":"https:\/\/peterkus.net\/si\/wp-json\/wp\/v2\/media?parent=2873"}],"curies":[{"name":"wp","href":"https:\/\/api.w.org\/{rel}","templated":true}]}}

Prihajajoči dogodki

<p><strong>APRIL 2026: </strong><br><strong>23. 4. 2026</strong>, Češnovcova domačija, Goričice: <strong><a href="https://peterkus.net/si/projects/zvocna-kuhna/">Zvočna kuhna</a></strong> – ZAKLJUČENO ZA ŠOLO<br><strong>24. 4. 2026</strong>, Češnovcova domačija, Goričice: <strong><a href="https://peterkus.net/si/projects/zvocna-kuhna/">Zvočna kuhna</a></strong> – ZAKLJUČENO ZA ŠOLO </p>



<p><strong>MAJ 2026:</strong><br><strong>4. 5. 2026</strong>, Češnovcova domačija, Goričice: <strong><a href="https://peterkus.net/si/projects/zvocna-kuhna/">Zvočna kuhna</a></strong> – ZAKLJUČENO ZA ŠOLO<br><strong>5. 5. 2026</strong>, Češnovcova domačija, Goričice: <strong><a href="https://peterkus.net/si/projects/zvocna-kuhna/">Zvočna kuhna</a></strong> – ZAKLJUČENO ZA ŠOLO<br><strong>6. 5. 2026</strong>, Češnovcova domačija, Goričice: <strong><a href="https://peterkus.net/si/projects/zvocna-kuhna/">Zvočna kuhna</a></strong> – ZAKLJUČENO ZA ŠOLO<br><strong>7. 5. 2026</strong>, Češnovcova domačija, Goričice: <strong><a href="https://peterkus.net/si/projects/zvocna-kuhna/">Zvočna kuhna</a></strong> – ZAKLJUČENO ZA ŠOLO<br><strong>12. 5. 2026</strong>, Češnovcova domačija, Goričice: <strong><a href="https://peterkus.net/si/projects/zvocna-kuhna/">Zvočna kuhna</a></strong> – ZAKLJUČENO ZA ŠOLO<br><strong>17. 5. 2026 ob 11.00 in 14.00</strong>, Eskişehir (Turčija):  <strong><a href="https://peterkus.net/si/projects/zvocna-kuhna/">Zvočna kuhna</a></strong> &#8211; INTERNATIONAL ESKISEHIR CHILDREN, YOUTH AND PUPPET THEATRE FESTIVAL<br><strong>20. 5. 2026 ob 9.00 in 11.00</strong>, Teatr Banialuka, Bielsko-Biała (Poljska): <strong><a href="https://peterkus.net/si/projects/obrazi/">Blup?</a></strong> – THE INTERNATIONAL FESTIVAL OF PUPPETRY ART </p>



<p><strong>JUNIJ 2026:</strong><br><strong>17. 6., 2026 ob 17.00.</strong>, Nenzing (Avstrija):  <strong><a href="https://peterkus.net/si/projects/zvocna-kuhna/">Zvočna kuhna</a></strong> – LUAGA &amp; LOSNA FESTIVAL <br><strong>18. 6., 2026 ob 10.00</strong>, Nenzing (Avstrija):  <strong><a href="https://peterkus.net/si/projects/zvocna-kuhna/">Zvočna kuhna</a></strong> – LUAGA &amp; LOSNA FESTIVAL<br><strong>20. 6. 2026 ob 19.00</strong>, Hrvatsko narodno kazalište, Šibenik (Hrvaška):  <strong><a href="https://peterkus.net/si/projects/gozd/" title="">Gozd raja!</a></strong> – MEĐUNARODNI DJEČJI FESTIVAL</p>



<p><strong>JULIJ 2026:</strong> <br><strong>4. 7. 2026 ob 11.00</strong>, Villa Manin, Passariano (Italija): <strong><a href="https://peterkus.net/si/projects/gozd/" title="">Gozd raja!</a></strong> &#8211; ZA IZVEN<br><strong>4. 7. 2026 ob 18.00</strong>, Buttrio (Italija):  <strong><a href="https://peterkus.net/si/projects/gozd/" title="">Gozd raja!</a></strong> &#8211; ZA IZVEN <br><strong>5. 7. 2026 ob 18.00</strong>, Carina (Italija): <strong><a href="https://peterkus.net/si/projects/gozd/" title="">Gozd raja!</a> </strong>&#8211; ZA IZVEN </p>



<p><strong>NOVEMBER 2026:</strong><br><strong>12. 11. 2026</strong>, Koncertna dvorana Vatroslav Lisinski, Zagreb (Hrvaška):  <strong><a href="https://peterkus.net/si/projects/gozd/" title="">Gozd raja!</a></strong> – TBA   <br><strong>13. 11. 2026</strong>, Koncertna dvorana Vatroslav Lisinski, Zagreb (Hrvaška):  <strong><a href="https://peterkus.net/si/projects/gozd/" title="">Gozd raja!</a></strong> – TBA</p>



<p><strong>DECEMBER 2026:</strong><br><strong>9. 12. 2026 ob 9.00 in 11.00</strong>, Cankarjev dom, Kosovelova dvorana: <a href="https://peterkus.net/si/projects/blup/" title=""><strong>Blup?</strong></a> &#8211; ZAKLJUČENO ZA VRTCE IN ŠOLE<br><strong>10. 12. 2026 ob 9.00 in 11.00</strong>, Cankarjev dom, Kosovelova dvorana: <a href="https://peterkus.net/si/projects/blup/" title=""><strong>Blup?</strong></a> &#8211; ZAKLJUČENO ZA VRTCE IN ŠOLE<br></p>

<p>APRIL 2026: 23. 4. 2026, Češnovcova domačija, Goričice: Zvočna kuhna – ZAKLJUČENO ZA ŠOLO24. 4. 2026, Češnovcova domačija, Goričice: Zvočna kuhna – ZAKLJUČENO ZA ŠOLO MAJ 2026:4. 5. 2026, Češnovcova domačija, Goričice: Zvočna kuhna – ZAKLJUČENO ZA ŠOLO5. 5. 2026, Češnovcova domačija, Goričice: Zvočna kuhna – ZAKLJUČENO ZA ŠOLO6. 5. 2026, Češnovcova domačija, Goričice: Zvočna [&hellip;]</p>
